{"id":34,"date":"2015-06-10T18:31:43","date_gmt":"2015-06-10T16:31:43","guid":{"rendered":"http:\/\/serwer1405000.home.pl\/expertline\/?page_id=34"},"modified":"2015-10-05T00:23:40","modified_gmt":"2015-10-04T22:23:40","slug":"historia","status":"publish","type":"page","link":"https:\/\/expertline-automotive.com\/?page_id=34","title":{"rendered":"historia"},"content":{"rendered":"<p>Marka EXPERT LINE powsta\u0142a w 2004 roku i od pocz\u0105tku swojego istnienia skupi\u0142a si\u0119 na oferowaniu cz\u0119\u015bci zamiennych do aut francuskich, osobowych i dostawczych. Od ponad 10 lat systematycznie zg\u0142\u0119biamy nasz\u0105 wiedz\u0119 na temat potrzeb Klient\u00f3w. Zaowocowa\u0142o to stopniowym wprowadzaniem popularnych i poszukiwanych referencji, pocz\u0105wszy od p\u00f3\u0142osi przez czopy, \u0142o\u017cyska belki oraz wahacze po spr\u0119\u017cyny zawieszenia i elementy elektromechaniczne.<\/p>\n<p>&nbsp;<\/p>\n","protected":false},"excerpt":{"rendered":"Marka EXPERT LINE powsta\u0142a w 2004 roku i od pocz\u0105tku swojego istnienia skupi\u0142a si\u0119 na oferowaniu cz\u0119\u015bci zamiennych do aut francuskich, osobowych i dostawczych. Od ponad 10 lat systematycznie zg\u0142\u0119biamy nasz\u0105 wiedz\u0119 na temat potrzeb Klient\u00f3w. Zaowocowa\u0142o to stopniowym wprowadzaniem popularnych i poszukiwanych referencji, pocz\u0105wszy od p\u00f3\u0142osi przez czopy, \u0142o\u017cyska belki oraz wahacze po spr\u0119\u017cyny<a class=\"btn readmore\" href=\"https:\/\/expertline-automotive.com\/?page_id=34\">wi\u0119cej<\/a>","protected":false},"author":3,"featured_media":0,"parent":9,"menu_order":0,"comment_status":"closed","ping_status":"closed","template":"","meta":{"footnotes":""},"class_list":["post-34","page","type-page","status-publish","hentry"],"aioseo_notices":[],"_links":{"self":[{"href":"https:\/\/expertline-automotive.com\/index.php?rest_route=\/wp\/v2\/pages\/34","targetHints":{"allow":["GET"]}}],"collection":[{"href":"https:\/\/expertline-automotive.com\/index.php?rest_route=\/wp\/v2\/pages"}],"about":[{"href":"https:\/\/expertline-automotive.com\/index.php?rest_route=\/wp\/v2\/types\/page"}],"author":[{"embeddable":true,"href":"https:\/\/expertline-automotive.com\/index.php?rest_route=\/wp\/v2\/users\/3"}],"replies":[{"embeddable":true,"href":"https:\/\/expertline-automotive.com\/index.php?rest_route=%2Fwp%2Fv2%2Fcomments&post=34"}],"version-history":[{"count":13,"href":"https:\/\/expertline-automotive.com\/index.php?rest_route=\/wp\/v2\/pages\/34\/revisions"}],"predecessor-version":[{"id":293,"href":"https:\/\/expertline-automotive.com\/index.php?rest_route=\/wp\/v2\/pages\/34\/revisions\/293"}],"up":[{"embeddable":true,"href":"https:\/\/expertline-automotive.com\/index.php?rest_route=\/wp\/v2\/pages\/9"}],"wp:attachment":[{"href":"https:\/\/expertline-automotive.com\/index.php?rest_route=%2Fwp%2Fv2%2Fmedia&parent=34"}],"curies":[{"name":"wp","href":"https:\/\/api.w.org\/{rel}","templated":true}]}}